{"id":551,"date":"2020-06-19T20:10:32","date_gmt":"2020-06-19T20:10:32","guid":{"rendered":"https:\/\/haitises.com\/?post_type=product&#038;p=551"},"modified":"2023-10-14T21:50:12","modified_gmt":"2023-10-14T21:50:12","slug":"excursion-al-los-haitises-y-cano-hondo-desde-samana","status":"publish","type":"product","link":"https:\/\/dominikanskarepublikadovolena.cz\/ceb\/private\/excursion-al-los-haitises-y-cano-hondo-desde-samana\/","title":{"rendered":"Excursion sa Los Haitises ug Ca\u00f1o Hondo gikan sa Saman\u00e1"},"content":{"rendered":"<div class=\"vc_row wpb_row vc_row-fluid\" ><div class=\"wpb_column vc_column_container vc_col-sm-12\"><div class=\"vc_column-inner\"><div class=\"wpb_wrapper\">[mkdf_section_title subtitle_tag=\u00bb\u00bb subtitle=\u00bbAlmuerzo y Nataci\u00f3n en Piscinas Naturales\u00bb]<\/div><\/div><\/div><\/div><div class=\"vc_row wpb_row vc_row-fluid\" ><div class=\"wpb_column vc_column_container vc_col-sm-12\"><div class=\"vc_column-inner\"><div class=\"wpb_wrapper\">\n\t<div class=\"wpb_text_column wpb_content_element\" >\n\t\t<div class=\"wpb_wrapper\">\n\t\t\t<h2>Los Haitises National Park + Paniudto sa Cano Hondo gikan sa pantalan sa Saman\u00e1.<\/h2>\n<h3><em>Deskripsyon<\/em><\/h3>\n<p>Ang Los Haitises National Park nagsugod gikan sa pantalan sa Saman\u00e1 ug usa ka nindot nga paniudto ug paglangoy sa natural nga mga tubod sa Ca\u00f1o Hondo Ecolodge. Uban kanamo ug bisitaha ang labing nindot nga nasudnong parke sa Dominican Republic, pagbisita sa mga bakhaw, mga langob ug San Lorenzo Bay, ingon man usab sa pagtabok sa matahum nga Saman\u00e1 Bay. Human sa paniudto sa Ca\u00f1o Hondo, makabaton kag kahigayonan sa paglangoy sa mga natural nga pool sulod sa pipila ka oras ug unya mobalik sa pantalan sa Saman\u00e1.<\/p>\n<p>Pagkahuman niini nga kasinatian, mobalik ka sa pantalan sa Saman\u00e1.<\/p>\n<ul>\n<li>Giapil ang mga buhis<\/li>\n<li>Ang giya naghatag ug instruksyon ug pagdumala.<\/li>\n<\/ul>\n<h3>Mga inklusyon ug mga dili apil<\/h3>\n<h4>Mga inklusyon<\/h4>\n<ol>\n<li>Los Haitises Tour + Mga Langob ug Pictographs<\/li>\n<li>Paniudto sa Ca\u00f1o Hondo<\/li>\n<li>Paglangoy sa natural nga mga pool<\/li>\n<li>Tanan nga buhis, bayranan ug bayad sa pagdumala.<\/li>\n<li>Lokal nga buhis<\/li>\n<li>Mga ilimnon<\/li>\n<li>Ang tanan nga mga kalihokan<\/li>\n<li>Lokal nga giya<\/li>\n<\/ol>\n<h4>Mga eksklusyon<\/h4>\n<ol>\n<li>Mga tip<\/li>\n<li>Pagbalhin<\/li>\n<li>Mga ilimnon nga makahubog<\/li>\n<\/ol>\n<h3><em>Pagbiya ug pagbalik<\/em><\/h3>\n<p>Makakuha ang magpapanaw og meeting point pagkahuman sa proseso sa booking. Ang mga paglibot magsugod ug matapos sa among mga tigomanan.<\/p>\n<h3><em>Unsay mapaabot?<\/em><\/h3>\n<p>Kuhaa ang imong mga tiket sa pagbisita sa Los Haitises National Park uban sa usa ka maanindot nga paniudto sa Ca\u00f1o Hondo ug paglangoy sa natural nga mga pool.<\/p>\n<p>Sugod gikan sa pantalan sa Saman\u00e1 sakay sa usa ka bangka o catamaran nga adunay lokal nga tour guide, moagi kami sa bay sa Saman\u00e1 sunod sa Sabana de la Mar aron bisitahan ang usa sa labing nindot nga nasudnong parke sa Dominican Republic.<\/p>\n<h5>Mga dapit nga gitawag Los Haitises National Park sa Estados Unidos.<\/h5>\n<p>Pagbisita sa isla nga adunay mga langgam sa palibot. Sa panahon nga magsalag, makakita pa gani kita og mga piso nga pelican sa mga salag. Lakaw ngadto sa mas lawom nga batoon nga mga isla ug bisitaha ang mga langob nga adunay mga pictograph ug petroglyph sa mga lumad.<\/p>\n<p>El recorrido, organizado por \u00abBooking Adventures\u00bb, comienza en el punto de encuentro establecido con el gu\u00eda tur\u00edstico. Ven con Booking Adventures y comienza a observar algunos manglares llenos de aves, colinas onduladas de exuberante vegetaci\u00f3n y cuevas del Parque Nacional Los Haitises.<\/p>\n<p>El nombre del parque nacional proviene de sus habitantes originales, los indios ta\u00ednos. En su idioma, \u00abHaitises\u00bb se traduce a tierras altas o colinas, una referencia a las empinadas formaciones geol\u00f3gicas de la costa con calizas. Avent\u00farate en el parque para explorar cuevas como la Cueva de la Arena y la Cueva de la L\u00ednea.<\/p>\n<p>Ang mga langob sa reserba gigamit ingong puy-anan sa mga Ta\u00edno Indian ug, sa ulahi, sa natago nga mga pirata. Pangitaa ang mga drowing sa mga Indian nga nagdayandayan sa pipila ka mga bungbong.<\/p>\n<p>Human sa pagbisita sa Los Haitises National Park moadto kami sa Cano Hondo. Sa Cano Hondo makakat-on ka mahitungod niining ekolohikal nga kasaysayan ug maniudto uban sa tipikal nga pagkaon sa komunidad sa Sabana de la mar.<\/p>\n<p>Lami man ang paniudto pero wala pa mi nahuman. Human sa paniudto, manglangoy mi sa natural nga mga pool gikan sa Jibales River, usa ka suba paingon sa Ca\u00f1o Hondo River. Magpabilin sa Ca\u00f1o Hondo hangtod sa alas 4:00 sa hapon ug mobalik sa pantalan sa Saman\u00e1, moagi kami pag-usab sa mga bakhaw ug makaabot sa bukas nga luok sa San Lorenzo, diin mahimo nimong kuhaan og litrato ang bastos nga talan-awon sa lasang. Tan-aw sa tubig aron makita ang mga manatee, crustacean ug dolphin.<\/p>\n<p>Hangtud sa higayon nga makighusay ka sa tour guide ug human niini adto sa pantalan sa Cano Hondo ug sakay sa sakayan balik sa pantalan sa Saman\u00e1 nga moagi sa bay sa Saman\u00e1 30 minutos.<\/p>\n<p>Kung mas ganahan ka niini nga biyahe, aduna kami niini nga mga opsyon:<\/p>\n<p>Los Haitises + Cayo Levantado gikan sa pantalan sa Saman\u00e1.<\/p>\n<h3><em>Unsay angay nimong dad-on?<\/em><\/h3>\n<ul>\n<li>Camera<\/li>\n<li>Mga repellent<\/li>\n<li>sunscreen<\/li>\n<li>kalo<\/li>\n<li>Komportable nga pantalon<\/li>\n<li>Mga sapatos sa pagbaktas sa lasang<\/li>\n<li>Mga sandalyas sa mga dapit sa tingpamulak.<\/li>\n<li>Swimsuit<\/li>\n<\/ul>\n<h3><em>Pagkuha sa hotel<\/em><\/h3>\n<p>Ang pagkuha sa hotel wala gitanyag alang niini nga tour.<\/p>\n<p><strong>Mubo nga sulat:<\/strong> Kung nag-book ka sulod sa 24 oras sa oras sa pag-alis sa tour\/excursion, mahimo namon nga hikayon ang pagkuha sa hotel nga adunay dugang nga bayad. Kung kompleto na ang imong pagpalit, padalhan ka namo og kompletong impormasyon sa pagkontak (numero sa telepono, email address, ug uban pa) para sa among lokal nga tour guide aron mahikay ang mga kahikayan sa pickup.<\/p>\n<h3>Pagkumpirma sa dugang nga impormasyon<\/h3>\n<ol>\n<li>Ang mga tiket mao ang Resibo human sa pagbayad niini nga Tour. Mahimo nimong ipakita ang bayad sa imong telepono.<\/li>\n<li>Madawat ang meeting point pagkahuman sa proseso sa pagpareserba.<\/li>\n<li>Ang mga bata kinahanglan nga ubanan sa usa ka hamtong.<\/li>\n<li>Dili accessible sa wheelchair<\/li>\n<li>Ang mga masuso kinahanglang molingkod sa mga lingkoranan sa mga masuso o uban sa usa ka hamtong<\/li>\n<li>Dili girekomenda alang sa mga biyahero nga adunay mga problema sa likod.<\/li>\n<li>Dili girekomenda alang sa mga mabdos nga babaye.<\/li>\n<li>Walay mga problema sa kasingkasing o uban pang seryoso nga medikal nga kondisyon.<\/li>\n<li>Kadaghanan sa mga magpapanaw makaapil.<\/li>\n<\/ol>\n<h3><em>Polisiya sa pagkansela<\/em><\/h3>\n<p>Alang sa bug-os nga refund, kanselaha ang labing menos 24 ka oras sa wala pa ang petsa sa pagsugod sa kasinatian.<\/p>\n\n\t\t<\/div>\n\t<\/div>\n<\/div><\/div><\/div><\/div><div class=\"vc_row wpb_row vc_row-fluid\" ><div class=\"wpb_column vc_column_container vc_col-sm-12\"><div class=\"vc_column-inner\"><div class=\"wpb_wrapper\"><div class=\"vc_empty_space\"   style=\"height: 32px\"><span class=\"vc_empty_space_inner\"><\/span><\/div>\n\t<div class=\"wpb_video_widget wpb_content_element vc_clearfix   vc_video-aspect-ratio-169 vc_video-el-width-100 vc_video-align-left\" >\n\t\t<div class=\"wpb_wrapper\">\n\t\t\t\n\t\t\t<div class=\"wpb_video_wrapper\"><iframe loading=\"lazy\" title=\"Los Haitises National Park, Tours &amp; Excursion Gikan sa Samana o Sabana de la Mar. Basahon Dinhi:\" src=\"https:\/\/player.vimeo.com\/video\/346508015?dnt=1&amp;app_id=122963\" width=\"1100\" height=\"619\" frameborder=\"0\" allow=\"autoplay; fullscreen\" allowfullscreen><\/iframe><\/div>\n\t\t<\/div>\n\t<\/div>\n<\/div><\/div><\/div><\/div><div class=\"vc_row wpb_row vc_row-fluid\" ><div class=\"wpb_column vc_column_container vc_col-sm-12\"><div class=\"vc_column-inner\"><div class=\"wpb_wrapper\"><div class=\"vc_empty_space\"   style=\"height: 32px\"><span class=\"vc_empty_space_inner\"><\/span><\/div>\n\t<div class=\"wpb_text_column wpb_content_element\" >\n\t\t<div class=\"wpb_wrapper\">\n\t\t\t<h4>Kontaka mi?<\/h4>\n<h5>Mga Pagpareserba sa Adventure<\/h5>\n<p><em>Mga tour guide<\/em> <em><strong>lokal<\/strong><\/em> ug <strong><em>nasyonal<\/em><\/strong> &amp;<em>\u00a0mga serbisyo sa bisita<\/em><\/p>\n<p>Mga Reserbasyon: Mga Paglibot ug Ekskursiyon sa Dom. Rep.<\/p>\n<p>Tel\/Whatsapp +1-809-720-6035.<\/p>\n<p>info@bookingadventures.com.do<\/p>\n<p>Pribado kami nga mga pagbiyahe nga adunay flexible nga pag-configure pinaagi sa Whatsapp: +18097206035.<\/p>\n\n\t\t<\/div>\n\t<\/div>\n<div class=\"vc_empty_space\"   style=\"height: 32px\"><span class=\"vc_empty_space_inner\"><\/span><\/div><\/div><\/div><\/div><\/div>","protected":false},"excerpt":{"rendered":"<p><strong>Palihug Pilia ang petsa para sa The Tour\u00a0<\/strong><\/p>","protected":false},"featured_media":104,"template":"","meta":[],"product_brand":[],"product_cat":[119,96,144,98,135,121,99,122,443,123,124],"product_tag":[126,127,128,145,132,133,146,147,148,143],"class_list":{"0":"post-551","1":"product","2":"type-product","3":"status-publish","4":"has-post-thumbnail","6":"product_cat-caves","7":"product_cat-hiking","8":"product_cat-kayaking","9":"product_cat-local-tour-guides","10":"product_cat-lunch","11":"product_cat-mangroves","12":"product_cat-swimming-natural-springs","13":"product_cat-tours-and-excursions","14":"product_cat-tours-y-excursiones-es","15":"product_cat-tours-excursions-los-haitises-national-park","16":"product_cat-tours-excursions-samana-bay-dominican-republic","17":"product_tag-cano-hondo","18":"product_tag-cano-hondo-hotel","19":"product_tag-cano-hondo-tours","20":"product_tag-day-tour-cano-hondo","21":"product_tag-los-haitises","22":"product_tag-los-haitises-national-park","23":"product_tag-mangroves-los-haitises","24":"product_tag-samana-bay","25":"product_tag-samana-excursions","26":"product_tag-samana-tours","28":"first","29":"instock","30":"sale","31":"sold-individually","32":"shipping-taxable","33":"product-type-external"},"_links":{"self":[{"href":"https:\/\/dominikanskarepublikadovolena.cz\/ceb\/wp-json\/wp\/v2\/product\/551","targetHints":{"allow":["GET"]}}],"collection":[{"href":"https:\/\/dominikanskarepublikadovolena.cz\/ceb\/wp-json\/wp\/v2\/product"}],"about":[{"href":"https:\/\/dominikanskarepublikadovolena.cz\/ceb\/wp-json\/wp\/v2\/types\/product"}],"wp:featuredmedia":[{"embeddable":true,"href":"https:\/\/dominikanskarepublikadovolena.cz\/ceb\/wp-json\/wp\/v2\/media\/104"}],"wp:attachment":[{"href":"https:\/\/dominikanskarepublikadovolena.cz\/ceb\/wp-json\/wp\/v2\/media?parent=551"}],"wp:term":[{"taxonomy":"product_brand","embeddable":true,"href":"https:\/\/dominikanskarepublikadovolena.cz\/ceb\/wp-json\/wp\/v2\/product_brand?post=551"},{"taxonomy":"product_cat","embeddable":true,"href":"https:\/\/dominikanskarepublikadovolena.cz\/ceb\/wp-json\/wp\/v2\/product_cat?post=551"},{"taxonomy":"product_tag","embeddable":true,"href":"https:\/\/dominikanskarepublikadovolena.cz\/ceb\/wp-json\/wp\/v2\/product_tag?post=551"}],"curies":[{"name":"wp","href":"https:\/\/api.w.org\/{rel}","templated":true}]}}